 -1))/((-2)/1). Let c(x) = -x**3 - 4*x**2 - 4*x - 3. Calculate c(l).
0
Let h(q) = -6*q + 2. Let k be h(-3). Suppose -5*u + 0*u = -k. Let y(j) = 2*j**2 - 7*j + 4. Calculate y(u).
8
Let y(p) be the first derivative of 1/4*p**4 + 2 - 4*p - 1/2*p**2 + 0*p**3. Let c be y(0). Let a(q) = q**2 + 4*q. Give a(c).
0
Let r(d) = 9*d**2 + 10*d + 11. Let c(y) be the third derivative of y**5/12 + 5*y**4/24 + y**3 - y**2. Let g(b) = 7*c(b) - 4*r(b). Determine g(-5).
-2
Let r(t) be the first derivative of -t**4/8 - t**3/2 + t**2 + 4. Let u(o) be the second derivative of r(o). What is u(-2)?
3
Let j(u) = -6*u + 10. Let i(c) = 3*c - 5. Suppose 3*b - 45 = -5*f - 12, 65 = 5*f - 5*b. Let l(g) = f*i(g) + 4*j(g). Calculate l(4).
7
Let a(d) = d**2 + d - 7. Suppose -5*k + 4*o + 106 = 0, 5*k - 6*k = -3*o - 30. Suppose 4 = -5*n - c, k = -4*c + 2. What is a(n)?
-7
Let o(h) = -h**2 + h. Let g(t) = t**3 - 6*t**2 - 2. Let k be g(6). What is o(k)?
-6
Let j(b) be the first derivative of -6 - 1/2*b**2 + 10*b. What is j(5)?
5
Let x(f) be the second derivative of -f**5/20 + f**4/3 + f**3/2 + 3*f**2/2 - 18*f + 1. Suppose 0*t = 5*t - 20. What is x(t)?
15
Let v(a) = -a - 8. Let o be v(-10). Let d(m) = -3 - o*m + 6 - 5. Calculate d(2).
-6
Let i(l) = -2*l - 9. Let j = 10 - 16. Give i(j).
3
Let u(b) = 3*b**2 + 3*b - 2. Let n(x) = x**3 + x**2 + x - 1. Let f(p) = n(p) - u(p). Give f(3).
4
Let u(c) = c**2 + c + 2. Let w = -138 + 136. Calculate u(w).
4
Let v(b) be the third derivative of b**4/8 + b**3/6 + 2*b**2. Suppose 2*m = -0*m. Let z be (m/2)/(-3) - -1. Determine v(z).
4
Let d(s) = s**3 + 3*s**2 - s + 2. Suppose 0*m - 10 = -2*m. Let x be (1 - m)/(4/4). What is d(x)?
-10
Let l(w) = w**2 + 4*w - 4. Let k be l(-4). Let d(a) = a**3 + 4*a**2 + 3*a + 1. Let x be d(-3). Let m(z) = 0 - x + 5 - z. What is m(k)?
8
Let n(u) = u**3 - 4*u**2 + 2*u - 2. Suppose -3*m = 4*l - 3*l - 82, -l - 2*m + 78 = 0. Let d be l/15 - (-1)/3. Suppose 1 = d*x - 14. What is n(x)?
-5
Let i(h) = -h - 1. Let b = -2 + 7. Give i(b).
-6
Suppose 9 = -2*k - 7*k. Let l(f) = 12*f**3 - f**2 - f. Calculate l(k).
-12
Suppose -3*d = -d - 2*g - 18, -3*d - 4*g = 8. Let z(y) be the first derivative of -2 - y - y**d + 1/2*y**2 - 1/3*y**3. Calculate z(1).
-5
Let b(d) = -4*d - 7*d + 2*d**2 - 4 - d**2 + 5*d. Determine b(6).
-4
Let a = 86 + -121. Let x be (-28)/a*(-4 - 1). Let q(o) be the third derivative of o**5/60 + o**4/4 + o**3/3 - 2*o**2. What is q(x)?
-6
Let d = -1 + 0. Let x(i) = -2*i + 9. Let h(l) = -1. Let y(w) = d*x(w) - 6*h(w). Calculate y(5).
7
Let q be (2 - -3 - 3) + -4. Let s(n) = -n**2 - 4*n. Let y be s(q). Let k(o) = 3*o - 3. Let r(j) = -2*j + 2. Let a(m) = -5*k(m) - 8*r(m). Give a(y).
3
Let l = 12 - 8. Let v be 1/((-2)/(0 + l)). Let m(i) = 4*i. Give m(v).
-8
Suppose 4*x = -o - 7, -5*o = -5*x + 7*x - 19. Let y(z) = 2 + z - 2 + 2. Give y(x).
-1
Let n(k) = -6*k + 87. Let p be n(15). Let w(t) = 3*t + 3. Give w(p).
-6
Suppose 0 = -p + 3*p - 24. Suppose 3*u = -3 + p. Let i(j) = 0*j + j + 0*j - u*j - 4. Calculate i(-4).
4
Let t(l) be the first derivative of l**4/24 + l**3/3 - 5*l**2 - 4. Let a(i) be the second derivative of t(i). Determine a(-3).
-1
Suppose 0*i - 2*i + 8 = 0, -2*i - 4 = 3*p. Let c(o) = -o + 3*o - 4*o. Determine c(p).
8
Let f(d) = d**2 + 8*d + 9. Let h be f(-5). Let n(l) = l + 12. What is n(h)?
6
Let k(h) be the first derivative of -h**2 + h - 3. Let z be -2 - (2 - (10 - 4)). Give k(z).
-3
Let j(g) = -g**2 - 5*g - 4. Let m be j(-4). Let s(q) = m + 2 + 8*q**2 - 1. Let f = -13 - -14. Give s(f).
9
Let t(j) = j**3 + 7*j**2 + 3*j + 1. Let i be 10 + -11 + -2 + -4. What is t(i)?
-20
Let x(t) = -t**2 - 6*t - 7. Let i(w) = w**3 + 3*w**2 - 3*w - 2. Let a be i(-4). Let o be (10/a)/((-1)/3). Suppose o*u = -2*g - 40, g = u - 0 + 1. Give x(u).
-7
Let y = -13 + 16. Let p(c) = y*c**2 + 4*c - 3*c**2 - 1 - c**2 + 0*c**2. Suppose 5*z - 5 = 5*i, -4*z + 0*z - 2*i = -16. Calculate p(z).
2
Suppose -f - 14 = -0*f. Let a(d) = d + 2. Let z(m) = -3*m - 5. Let b be 1/4 - 75/12. Let y(h) = b*z(h) + f*a(h). What is y(-2)?
-6
Let o(t) = t - t**3 + 3*t**2 - 4*t**2 + 3*t**3 - t**3. Let f be 0 + 0 + 0/1. Give o(f).
0
Let i(b) = -7*b**3 + 5*b - 13. Let j(r) = 15*r**3 - r**2 - 11*r + 27. Let p(l) = 13*i(l) + 6*j(l). What is p(-6)?
-1
Let t(a) = -13*a - 3. Let x(s) = 6*s + 1. Suppose -4*i + 3 = 15. Let f(h) = i*t(h) - 7*x(h). What is f(-3)?
11
Let s(t) = -t**2 + 6*t - 8. Let l be 1/(3/24) - 2. What is s(l)?
-8
Suppose 3*q = -0*q. Let h be 2 + (q + 1)*3. Let z = 5 - h. Let k(t) = -t + 6. Give k(z).
6
Let t(o) = -o**2 - 6*o - 6. Let n be t(-4). Let a(q) = 6 + n*q**2 + q - 5 + 0. Determine a(-1).
2
Let x(p) be the third derivative of 1/12*p**4 + 0 + 0*p + p**2 - 1/6*p**3. What is x(-1)?
-3
Let n = 57 + -54. Let c(o) = -o**3 + o**2 + 2*o - 3. What is c(n)?
-15
Suppose 2*s + 3*s - 75 = 0. Let a be 4/5*s/6. Let l(m) = 3*m**3 - 4*m**2 + 3*m - 1. Give l(a).
13
Let v(l) be the second derivative of l**5/20 + 2*l**4/3 + l**3 + 5*l**2/2 + 3*l. Determine v(-7).
12
Let l be (-7 + 1)*40/(-16). Suppose -3*c = 2*c - l. Let w(p) = 4*p - 1. Give w(c).
11
Let d = 0 - 0. Suppose r + 4*p - 18 = d, -5*r + 1 = -2*p - 1. Let y(c) = -r + c - 1 - 2*c. Calculate y(-3).
0
Let q be (-2 - 6/(-4))*-4. Suppose -q*d - 10 = 3*d. Let h(i) = -i - 3. Give h(d).
-1
Let l(g) = g**3 + g - 1. Let x be (-5)/(15/(-9)) - -2. Suppose -2 = -5*p + 2*h, -x*p + h - 4 + 5 = 0. Calculate l(p).
-1
Let p = -53 + 56. Let x(k) = -k**2 - k - 1. Calculate x(p).
-13
Let t(o) = o**2 - o. Suppose 2*y - 1 = 3. Let x be t(y). Let g(m) = 2*m**2 + m**3 + 2*m**2 - 2*m**3 + 3 - 4*m. Determine g(x).
3
Let j(h) = -2*h**2 - h. Let d(b) = -7*b**2 - 7*b - 3. Let l(w) = d(w) - 4*j(w). Let y = -7 + 5. Give l(y).
7
Let y(u) be the first derivative of -3/2*u**2 + 3 - 1/4*u**4 + 2/3*u**3 + 0*u. What is y(2)?
-6
Let j be (-12)/18 + 47/3. Let a = j - 19. Let p(m) be the first derivative of m**4/4 + 5*m**3/3 + 3*m**2 + 4*m - 1. Determine p(a).
-4
Let c(a) be the first derivative of -3/2*a**2 - 1/6*a**3 + 0*a + 1/6*a**4 + 1. Let z(t) be the second derivative of c(t). Determine z(3).
11
Suppose -5*q = -w - 21, w = 6*w - 4*q. Let t = -23 + 32. Let m(o) = 2 - o + 2 - t. Give m(w).
-9
Suppose 9*h + 24 = 3*h. Let x(r) = -3*r**2 + 13*r + 13. Let s(p) = 5*p**2 - 20*p - 20. Let m(y) = 5*s(y) + 8*x(y). Determine m(h).
4
Let m(x) = -5*x + x**2 - 1 + 8*x + x. Let s = 0 + -3. What is m(s)?
-4
Let t(q) = q**2 + 4*q + 6. Let b be t(-4). Let y(v) = -2*v + 8. What is y(b)?
-4
Let f(p) = 2*p**3 + 3*p**2 + 4*p + 3. Let u(n) = n**2 - 11*n + 16. Let g be u(9). Determine f(g).
-9
Let f(m) = 3*m**3 - m**2 - m - 1. Let y(v) = -2*v - 3. Let t be -2 + (-2)/(-4)*-2. Let r be y(t). Suppose -4*k = -o + 2*o - 7, r*o + 3*k = 3. What is f(o)?
-4
Let c(t) = t - 5. Let v be c(0). Let o(i) = 2*i + 7. Let f(k) = -k. Let h(u) = 2*f(u) - o(u). Give h(v).
13
Let q(h) = -h + 8. Let t be q(6). Let r = -16 + 18. Let n(g) = -g**3 - g + g - t*g**2 + r*g - 1. What is n(-3)?
2
Let f(p) be the second derivative of -p**4/12 - 5*p**3/6 - p**2 + 7*p. Suppose -4 = 4*k - 3*k. Determine f(k).
2
Let l be (20/4 - 4)/(1/(-2)). Let d(p) = -2*p - 2. Calculate d(l).
2
Let d(s) = -s**3 - 7*s**2 - 2*s - 8. Suppose 0*t + t = -7. Calculate d(t).
6
Let u(n) = n**3 - 9*n**2 + 7*n + 4. Suppose 16 = 3*d + 5*q + 7, 2*q = -d + 2. Calculate u(d).
-4
Let i(w) = -11*w**3 - w**2 - 2*w - 1. Let y = -58 + 57. Determine i(y).
11
Let t(q) = q**3 + 7*q**2 + q. Let z(c) = c**3 + 7*c**2 + 2*c - 1. Let m(w) = 7*t(w) - 6*z(w). Calculate m(-8).
-18
Suppose -6 = 4*d + 4*n - 2*n, -4*d - n = 1. Let m(f) = 8*f**3 - 2*f**2 + 2*f - 1. Determine m(d).
7
Let g(c) be the first derivative of c**3/3 - c**2/2 + 3*c - 5. Determine g(0).
3
Let v(h) be the second derivative of -h**4/12 - h**3/3 + h**2/2 + 5*h. Give v(-5).
-14
Let c(h) be the second derivative of h**5/20 - 5*h**4/12 + h**3/2 + h**2 + 11*h. Calculate c(4).
-2
Let f(j) be the third derivative of j**4/24 + j**3/6 - 6*j**2. Determine f(4).
5
Let m(t) = t + 11. Let h be m(-9). Suppose 3*a = -3*c - 2*c - 11, 2*a - 14 = h*c. Let r(n) = n**3 + 5*n**2 + 2*n - 5. Determine r(c).
3
Let v(j) = -2*j + 4 + 3*j + j. Let g be 5 + -15 - 4*(5 - 6). Calculate v(g).
-8
Let b(m) = m - 1. Let k(n) = n**3 - 5*n**2 - 7*n + 6. Let l(w) = 6*b(w) + k(w). Calculate l(5).
-5
Let c(t